+ 20 = k. Let s = l - k. List the prime factors of s.
2, 11
Suppose 6*d = 15*d + 27. Let t(a) = 20*a**2 + 4*a + 16. List the prime factors of t(d).
2, 23
Let m(r) = r - 21. Let d be m(24). Suppose -5*p = 3*z - 442, 0*z = -d*z + p + 412. What are the prime factors of z?
139
Let x = 1178 + -238. List the prime factors of x.
2, 5, 47
Suppose 4*q = -3*a + 9, 0 = -3*q - 0*q - 3*a + 6. Suppose 4*t + 0*t = 0. Suppose -4*x + x - q*n + 51 = t, 4*n + 27 = x. List the prime factors of x.
19
Suppose -19*x + 22*x = 12. Suppose 5*d + 4*o = 1442, -x*d + 3*o + 1233 - 98 = 0. List the prime factors of d.
2, 11, 13
Let l(v) = -26*v + 2. Let t be l(1). List the prime factors of (-6992)/t - 2/(-3).
2, 73
Suppose 0 = -2*g - 30 + 342. Let q = g + -93. List the prime factors of q.
3, 7
Let b be (-14)/(-6) - -2*(-7)/(-21). List the prime factors of -3*b/9 - -103.
2, 3, 17
Let p be 50/(-15)*6/(-4). Suppose 4*b = 510 + 670. Suppose -p*f + 0*f = -b. List the prime factors of f.
59
Let x(p) = p**3 + 14*p**2 - 15*p + 9. Let i be x(-15). Let t be i*12*(-4)/(-8). Suppose j = -j + t. List the prime factors of j.
3
Suppose -q = 2*m - 213, 9*q = -10*m + 6*m + 1987. What are the prime factors of q?
223
Let u = -182 - -344. Let h = -97 + u. What are the prime factors of h?
5, 13
Let n(b) = -b**3 + 6*b**2 + 12*b - 9. Let k be n(6). Let l = k + -23. What are the prime factors of l?
2, 5
Let w = 13 + 4. Let j(l) be the first derivative of l**2 - 10*l + 475. What are the prime factors of j(w)?
2, 3
Let v = 1 + 3. Suppose 2*q + q - 11 = -f, -20 = -v*f - 4*q. Suppose -4*y = -3*s + 60, -f*s - 13 = -3*s - y. What are the prime factors of s?
2
Let o = 2273 - 1019. What are the prime factors of o?
2, 3, 11, 19
Let j(o) = -3*o**2 + 7*o + 16. Let q(g) = 6*g**2 - 14*g - 33. Let b(v) = 5*j(v) + 3*q(v). List the prime factors of b(7).
79
Suppose -4*s + 7 = -3*x - 2, -2*s - 15 = 5*x. Let b = x - -5. Suppose h = 5*y - 144, 0 = -5*y + 2*h + b*h + 156. What are the prime factors of y?
2, 7
Suppose -3*a + 327 = 3*y, 2*y - 13 - 205 = -5*a. List the prime factors of y.
109
List the prime factors of 20229/(-11)*3/(-9).
613
Suppose c - 928 = 536. What are the prime factors of c?
2, 3, 61
Let b be (-1 - (-2460)/16) + 2/8. Suppose 4*a - t = 395, 554 = 4*a + 5*t + b. List the prime factors of a.
3, 11
Let g(l) = 2*l**3 - 2*l**2 - l + 7. Let i(v) = -2*v**3 + v**2 - 6. Let u(c) = 3*g(c) + 2*i(c). What are the prime factors of u(4)?
61
What are the prime factors of (-6)/8 + (-29358)/(-72)?
11, 37
Suppose -v + 5*x - 486 = -3*v, 1249 = 5*v + 4*x. Let u = -181 + v. List the prime factors of u.
2, 3
Let v = 4 - 6. Let l be 7*3/63 + (-46)/(-6). Let s = l + v. List the prime factors of s.
2, 3
Suppose 0 = 4*q - 8, -2*z + 5*q + 1115 = -1665. List the prime factors of z.
3, 5, 31
Let a = -1545 - -2615. What are the prime factors of a?
2, 5, 107
Let d(q) = -q**2 - 8*q - 16. Let y be d(-4). Let k(j) = -4*j + 9. Let u be k(-3). Suppose w - 51 + u = c, 2*w - c - 58 = y. What are the prime factors of w?
2, 7
Let t(n) = -n**3 + 12*n**2 - 18*n - 14. Let o be t(10). List the prime factors of 3/((-81)/o) + 2388/54.
2, 11
Let y(x) = 90*x + 1098. What are the prime factors of y(7)?
2, 3
Let f(c) = -c + 1. Let x be f(-6). Let w(h) = h**2 - 8*h + 4. Let v be w(x). What are the prime factors of -4*(-1 + (v - -2))?
2
Suppose 0 = -7*s + 3381 + 1274. List the prime factors of s.
5, 7, 19
Let j(b) = 1081*b**2 + 5*b + 7. List the prime factors of j(-1).
3, 19
What are the prime factors of (-5 - 9)*-26 - 8?
2, 89
What are the prime factors of ((-180)/24 + 10)*(-344)/(-5)?
2, 43
Suppose -s = 2*s - 417. List the prime factors of s.
139
Let c(p) = 25*p + 223. What are the prime factors of c(7)?
2, 199
Suppose 2*q = 2*u + q - 54, -3*q - 137 = -5*u. Suppose 28*g - u*g = 975. List the prime factors of g.
5, 13
Let x(k) be the first derivative of 65*k**2/2 + 2*k + 6. List the prime factors of x(1).
67
Suppose d - 6*l - 2271 = -3*l, 5*d + 4*l - 11431 = 0. List the prime factors of d.
3, 761
Let a = 10 + -7. Let t(l) = 4*l**3 - 3*l**a - 9*l**2 + 1 - 7*l + 8. What are the prime factors of t(10)?
3, 13
Let y = -140 + 154. What are the prime factors of y?
2, 7
List the prime factors of 391/1 + (-374)/22 + 25.
3, 7, 19
Let u(t) = 2*t**2 + 2*t + 7. Suppose 2*f - 5 = f. Suppose 0*l = f*l + 25. List the prime factors of u(l).
47
Let k(v) = 3*v - 3. Let h be k(3). Let m = h - 3. What are the prime factors of 1/m + 38/3?
13
Let v = 321 + -268. What are the prime factors of v?
53
Let s(w) = 2*w**2 - 8*w + 27. What are the prime factors of s(-15)?
3, 199
Suppose 2*c - 878 = -110. Suppose 3*a + 3*a = c. What are the prime factors of a?
2
Let j(r) = 4*r - r**2 + 0*r - 2 - 3*r - r**3. List the prime factors of j(-3).
13
List the prime factors of (-8631)/(-15) + -1 + 18/30.
5, 23
List the prime factors of (0 - 1) + (-2 - -8 - -333).
2, 13
Let h = 35 + -11. Suppose 5*t = 409 - h. Let y = -54 + t. List the prime factors of y.
23
Let l(u) = u**2 - 8*u - 4. Let w be l(9). Suppose w*c + 0*c + 40 = 0. Let j(y) = -y**3 - 8*y**2 - 2*y. List the prime factors of j(c).
2
List the prime factors of (-5)/(45/(-20754))*(-1)/(-2).
1153
Suppose -24 = 27*l - 33*l. What are the prime factors of (-16)/2*(4 + l + -24)?
2
Suppose 0 = 3*m + 6, 108 = 5*u - u - 2*m. Suppose 72 = -u*r + 24*r. Let l = r + 96. List the prime factors of l.
2, 3, 5
Suppose -33 - 75 = -4*h. Suppose y + h = 4*l, 3*y = -0*l + 2*l - 21. Suppose p - l = 1. List the prime factors of p.
7
Let d(h) = -h**2 + 4*h - 28. Let k be d(8). Let t = 72 + 20. Let l = t + k. List the prime factors of l.
2
Let v(w) = 30*w**3 - w**2 - w + 1. Let b be (3 - 4/(-2)) + -4. Let i be v(b). Let k = i - -5. What are the prime factors of k?
2, 17
Suppose -4*i - 2*z + 8046 = 0, 0 = 2*i + 4*z + 620 - 4658. What are the prime factors of i?
7, 41
Let b = -1196 - -1732. What are the prime factors of b?
2, 67
Suppose 3*l + l + c = 19, 20 = 2*l + 4*c. Suppose 0 = -l*i + 18 - 2. Suppose 5*p = r + 2*p + 1, r + i*p - 27 = 0. What are the prime factors of r?
11
Let t(n) = n**3 + n**2 - 2*n + 606. List the prime factors of t(0).
2, 3, 101
Suppose k + 48 = 6. Let x be (-2000)/(-28) - (-3)/(-7). Let o = k + x. List the prime factors of o.
29
Suppose 0 = -0*u + u + 12. Let s = u - -10. What are the prime factors of 304/72 - s/(-9)?
2
Let z(c) = 36*c**2 + 7*c + 12. Let w be z(-4). Suppose 4*y - 4*d - w = 0, -y - 3*y + d = -575. List the prime factors of y.
5, 29
What are the prime factors of -237*(2 - 4 - -1)?
3, 79
Let k(q) = -8*q**2 - 46*q - 1. List the prime factors of k(-5).
29
Suppose 0 = -v + 3*k + 11, -3*v + 7 = -k - 18. List the prime factors of 2/(-5)*(v + -2 - 221).
2, 43
Suppose 3*k = 9, 0*u - u = -5*k + 9. Suppose 0 = -5*f + 2*b + 80, 2*f - u*f + 4*b = -52. What are the prime factors of f?
2, 3
Let i = 91 + -57. Let s = i - 80. Let w = -13 - s. What are the prime factors of w?
3, 11
Let q = 318 + -316. List the prime factors of q.
2
Let t be 4 - (-1 - (0 + -2)). Suppose t*z = -3*y + 40 + 5, -z = 0. Suppose 5*i - 3*i - 61 = -3*g, -y = 5*g. List the prime factors of i.
5, 7
Let v be 7/3 + 1/(-3). Suppose 0 = v*s + 15 - 77. Suppose -2*k + s = 7. List the prime factors of k.
2, 3
Let i(f) = 1274*f**3 + 2*f**2 - 7*f + 7. List the prime factors of i(1).
2, 11, 29
Let y(z) = -570*z - 12. List the prime factors of y(-7).
2, 3, 13, 17
What are the prime factors of 188/(-470) - (-16364)/10?
2, 409
Suppose -2*b = -4*b + 2*i + 1438, 2*b + 3*i - 1433 = 0. What are the prime factors of b?
2, 359
Let x(a) = 38*a**3 + a**2 - a + 1. Suppose -5*p + 5*d = -10, -1 = -p - 2*d - 2. List the prime factors of x(p).
3, 13
Suppose 4*z = 3*r - r - 608, -3*r + 5*z = -916. List the prime factors of r.
2, 3, 13
List the prime factors of (12872/24)/((-3)/(-9)).
1609
Let w = -634 - -798. What are the prime factors of w?
2, 41
Let j be -2 - (-4 - (-28 - -4)). Let g = -20 - j. List the prime factors of (g + 2)/(-4) + 37.
2, 3
Let s(y) = -y**2 + 8*y - 3. Suppose 2*a + 4*h = h + 6, 0 = h. Suppose -r + a = -3. List the prime factors of s(r).
3
Let y = 19 + 42. Suppose w = 2*w - y. List the prime factors of w.
61
List the prime factors of (1 - (-726)/12)*1400/21.
2, 5, 41
Suppose 0 = -2*s + 3*s - 17. List the prime factors of (s/4)/(4/16).
17
Let x = -1269 - -2550. List